{"id":10,"date":"2020-11-25T00:41:53","date_gmt":"2020-11-25T00:41:53","guid":{"rendered":"http:\/\/neuro-agile.de\/?page_id=10"},"modified":"2024-10-07T22:04:48","modified_gmt":"2024-10-07T22:04:48","slug":"home","status":"publish","type":"page","link":"https:\/\/neuro-agile.de\/","title":{"rendered":""},"content":{"rendered":"\n<figure class=\"wp-block-image aligncenter size-full is-resized is-style-rounded is-style-rounded--59ae1e911ff0cb573d26094fd0aebf4d\"><img loading=\"lazy\" decoding=\"async\" width=\"807\" height=\"1024\" src=\"https:\/\/neuro-agile.de\/wp-content\/uploads\/2020\/11\/IMG_9832-neuro-807x1024-1.jpg\" alt=\"\" class=\"wp-image-41\" style=\"width:404px;height:512px\" srcset=\"https:\/\/neuro-agile.de\/wp-content\/uploads\/2020\/11\/IMG_9832-neuro-807x1024-1.jpg 807w, https:\/\/neuro-agile.de\/wp-content\/uploads\/2020\/11\/IMG_9832-neuro-807x1024-1-236x300.jpg 236w, https:\/\/neuro-agile.de\/wp-content\/uploads\/2020\/11\/IMG_9832-neuro-807x1024-1-768x975.jpg 768w\" sizes=\"(max-width: 807px) 100vw, 807px\" \/><\/figure>\n\n\n\n<p class=\"has-text-align-center\" style=\"font-size:clamp(24.034px, 1.502rem + ((1vw - 3.2px) * 1.735), 40px);px\"><strong>#Kommunikation, <\/strong>organisationale<strong> #Gesundheit, <\/strong>technische<strong> #Exzellenz <\/strong>und relevante<strong> #Wissenschaft <\/strong>sind dir wichtig weil?<\/p>\n\n\n\n<p>Als Triathlet\/Sportler mit \u2764\ufe0f und ehemaliger Raucher bringe ich ein tiefes Verst\u00e4ndnis f\u00fcr mentale St\u00e4rke und menschliche Psyche mit, die es beim Besiegen vom sogenannten <strong>inneren Schweinehund<\/strong> und <strong>generellen Verhaltens\u00e4nderungen<\/strong> zu bew\u00e4ltigen gilt. Auch wenn St\u00e4rken im Vordergrund stehen, habe ich auch ein Faible f\u00fcr menschliche Charakterschw\u00e4chen und sehe prim\u00e4r das Positive im Verhalten.<\/p>\n\n\n\n<div class=\"wp-block-group is-layout-flow wp-block-group-is-layout-flow\">\n<div class=\"wp-block-group is-layout-flow wp-block-group-is-layout-flow\">\n<figure class=\"wp-block-gallery has-nested-images columns-default is-cropped wp-block-gallery-1 is-layout-flex wp-block-gallery-is-layout-flex\">\n<figure class=\"wp-block-image size-large\"><img loading=\"lazy\" decoding=\"async\" width=\"800\" height=\"617\" src=\"https:\/\/neuro-agile.de\/wp-content\/uploads\/2020\/11\/bitte-abschalten-wer-zu-viel-denkt-hat-eine-geringere-lebenserwartung390371_m_n.jpg\" alt=\"\" class=\"wp-image-57\" srcset=\"https:\/\/neuro-agile.de\/wp-content\/uploads\/2020\/11\/bitte-abschalten-wer-zu-viel-denkt-hat-eine-geringere-lebenserwartung390371_m_n.jpg 800w, https:\/\/neuro-agile.de\/wp-content\/uploads\/2020\/11\/bitte-abschalten-wer-zu-viel-denkt-hat-eine-geringere-lebenserwartung390371_m_n-300x231.jpg 300w, https:\/\/neuro-agile.de\/wp-content\/uploads\/2020\/11\/bitte-abschalten-wer-zu-viel-denkt-hat-eine-geringere-lebenserwartung390371_m_n-768x592.jpg 768w\" sizes=\"(max-width: 800px) 100vw, 800px\" \/><\/figure>\n\n\n\n<figure class=\"wp-block-image size-large\"><img loading=\"lazy\" decoding=\"async\" width=\"1024\" height=\"475\" src=\"https:\/\/neuro-agile.de\/wp-content\/uploads\/2020\/11\/Headerbild_Macht_Kaffee_schlank-1024x475.jpg\" alt=\"\" class=\"wp-image-58\" srcset=\"https:\/\/neuro-agile.de\/wp-content\/uploads\/2020\/11\/Headerbild_Macht_Kaffee_schlank-1024x475.jpg 1024w, https:\/\/neuro-agile.de\/wp-content\/uploads\/2020\/11\/Headerbild_Macht_Kaffee_schlank-300x139.jpg 300w, https:\/\/neuro-agile.de\/wp-content\/uploads\/2020\/11\/Headerbild_Macht_Kaffee_schlank-768x357.jpg 768w, https:\/\/neuro-agile.de\/wp-content\/uploads\/2020\/11\/Headerbild_Macht_Kaffee_schlank.jpg 1400w\" sizes=\"(max-width: 1024px) 100vw, 1024px\" \/><\/figure>\n<\/figure>\n<\/div>\n<\/div>\n\n\n\n<p>Unternehmen haben sich mit den Kosten der Digitalisierung zu besch\u00e4ftigen, ja, weiterhin jedoch auch mit den Kosten von Stressfolgen (z. B. durch langfristigenAusfall von Besch\u00e4ftigten). Stressbew\u00e4ltigung\/-pr\u00e4vention und k\u00f6rperliche Fitness werden daher zunehmend ebenfalls wichtige Bestandteile der Organisationsentwicklung, jenseits von agilen Methoden und Frameworks!<\/p>\n\n\n\n<div class=\"wp-block-buttons is-layout-flex wp-block-buttons-is-layout-flex\">\n<div class=\"wp-block-button\"><a class=\"wp-block-button__link has-background wp-element-button\" href=\"mailto:info@neuro-agile.de?subject=Projektanfrage%20neuro-agile.de\" style=\"background-color:#fe843b\"><strong>Was genau m\u00f6chtest du?<\/strong><\/a><\/div>\n<\/div>\n\n\n\n<br><br>\n<hr style=\"height: 3px; width: 100%; background-color: #FE843B; border: 1px; border-radius: 30px;\">\n\n\n\n<h1 class=\"wp-block-heading\" id=\"coachingconsulting\"><strong>#Coaching #Consulting<\/strong><\/h1>\n\n\n\n<p><strong>Systemisches Coaching<\/strong> hei\u00dft f\u00fcr mich, Menschen, Teams und Organisationen mit systemischem Blick zu betrachten und relevante Impulse zu geben &#8211; das umliegende System zu \u00e4ndern, nicht in erster Linie den Menschen.<\/p>\n\n\n\n<figure class=\"wp-block-gallery has-nested-images columns-default wp-block-gallery-2 is-layout-flex wp-block-gallery-is-layout-flex\">\n<figure class=\"wp-block-image size-large\"><img loading=\"lazy\" decoding=\"async\" width=\"1024\" height=\"663\" data-id=\"60\" src=\"https:\/\/neuro-agile.de\/wp-content\/uploads\/2020\/11\/ScrumFramework_17x11-1536x994-1-1024x663.jpg\" alt=\"\" class=\"wp-image-60\" srcset=\"https:\/\/neuro-agile.de\/wp-content\/uploads\/2020\/11\/ScrumFramework_17x11-1536x994-1-1024x663.jpg 1024w, https:\/\/neuro-agile.de\/wp-content\/uploads\/2020\/11\/ScrumFramework_17x11-1536x994-1-300x194.jpg 300w, https:\/\/neuro-agile.de\/wp-content\/uploads\/2020\/11\/ScrumFramework_17x11-1536x994-1-768x497.jpg 768w, https:\/\/neuro-agile.de\/wp-content\/uploads\/2020\/11\/ScrumFramework_17x11-1536x994-1.jpg 1536w\" sizes=\"(max-width: 1024px) 100vw, 1024px\" \/><\/figure>\n\n\n\n<figure class=\"wp-block-image size-large\"><img loading=\"lazy\" decoding=\"async\" width=\"1024\" height=\"700\" data-id=\"61\" src=\"https:\/\/neuro-agile.de\/wp-content\/uploads\/2020\/11\/principles-1536x1050-1-1024x700.png\" alt=\"\" class=\"wp-image-61\" srcset=\"https:\/\/neuro-agile.de\/wp-content\/uploads\/2020\/11\/principles-1536x1050-1-1024x700.png 1024w, https:\/\/neuro-agile.de\/wp-content\/uploads\/2020\/11\/principles-1536x1050-1-300x205.png 300w, https:\/\/neuro-agile.de\/wp-content\/uploads\/2020\/11\/principles-1536x1050-1-768x525.png 768w, https:\/\/neuro-agile.de\/wp-content\/uploads\/2020\/11\/principles-1536x1050-1.png 1536w\" sizes=\"(max-width: 1024px) 100vw, 1024px\" \/><\/figure>\n\n\n\n<figure class=\"wp-block-image size-large\"><img loading=\"lazy\" decoding=\"async\" width=\"1024\" height=\"538\" data-id=\"62\" src=\"https:\/\/neuro-agile.de\/wp-content\/uploads\/2020\/11\/management-30-fb-1024x538.png\" alt=\"\" class=\"wp-image-62\" srcset=\"https:\/\/neuro-agile.de\/wp-content\/uploads\/2020\/11\/management-30-fb-1024x538.png 1024w, https:\/\/neuro-agile.de\/wp-content\/uploads\/2020\/11\/management-30-fb-300x158.png 300w, https:\/\/neuro-agile.de\/wp-content\/uploads\/2020\/11\/management-30-fb-768x403.png 768w, https:\/\/neuro-agile.de\/wp-content\/uploads\/2020\/11\/management-30-fb.png 1200w\" sizes=\"(max-width: 1024px) 100vw, 1024px\" \/><\/figure>\n<\/figure>\n\n\n\n<p>In meiner Arbeit als <strong>Wirtschaftsinformatiker<\/strong>, zertifizierter <strong>NLP Coach<\/strong> und <strong>Scrum Professional<\/strong> verbinde ich wissenschaftliche Ans\u00e4tze mit praktischen Methoden und Frameworks, um komplexe Probleme zu l\u00f6sen.<\/p>\n\n\n\n<p>Meine Kunden, darunter Eppendorf SE, Deutsche Telekom, REWE digital, Volkswagen (u. a. CARIAD) und Dr. Oetker, sch\u00e4tzen meine F\u00e4higkeit zur <strong>Analyse komplexer Herausforderungen<\/strong> und Entwicklung nachhaltiger <strong>L\u00f6sungen<\/strong>. Erfahren Sie mehr \u00fcber das positive <strong>Feedback<\/strong> meiner Kunden in meinem Referenzportfolio:<br><a href=\"https:\/\/neuro-agile.de\/pdf\/Aktuelle-Referenzen-ErikMautsch-CoachingConsulting.pdf\" target=\"_blank\" rel=\"noreferrer noopener\">https:\/\/neuro-agile.de\/pdf\/Aktuelle-Referenzen-ErikMautsch-CoachingConsulting.pdf<\/a><\/p>\n\n\n\n<p><strong>Wirtschaftsinformatik<\/strong>&nbsp;und&nbsp;<strong>Psychologie<\/strong>&nbsp;sind jederzeit passende Helfer im Coach- und Berater-Dasein. Physiologie und Anatomie runden es nochmal&nbsp;<strong>WERT<\/strong>voll ab.<\/p>\n\n\n\n<p><strong>Fachkr\u00e4ftemangel<\/strong>? Ich arbeite eng mit <strong>Teams<\/strong> und <strong>HR<\/strong> zusammen, um ma\u00dfgeschneiderte <strong>Stellenausschreibungen<\/strong> (bspw. <strong>Product Owner, Entwickler <\/strong>und<strong> Scrum Master<\/strong>) zu erstellen und diese Mitarbeiter auch erfolgreich zu integrieren.<\/p>\n\n\n\n<br><br>\n<hr style=\"height: 3px; width: 100%; background-color: #FE843B; border: 1px; border-radius: 30px;\">\n\n\n\n<h1 class=\"wp-block-heading\" id=\"kunden\"><strong>#Meine Kunden (Auszug)<\/strong><\/h1>\n\n\n\n<p>Technologischer Fortschritt und immer k\u00fcrzer werdende Lernzyklen verlangen von (lernenden) Organisationen sich permanent zu ver\u00e4ndern und anzupassen. Die zunehmende Bedeutung von Coaching, Beratung und Training verstehe ich als Antwort auf diese Ver\u00e4nderungskultur, u. a. erkannt von diesen Kunden (<a href=\"https:\/\/neuro-agile.de\/pdf\/Aktuelle-Referenzen-ErikMautsch-CoachingConsulting.pdf\"><strong>aktuelle Kundenreferenzen als *.pdf<\/strong><\/a>):<\/p>\n\n\n\n<figure class=\"wp-block-image size-large is-style-default\"><img loading=\"lazy\" decoding=\"async\" width=\"542\" height=\"375\" src=\"https:\/\/neuro-agile.de\/wp-content\/uploads\/2020\/11\/preview_hv3siR4_Mk8QuSxFptLJSewoxhDeJlqGlCPuX1Z1sxU.jpg\" alt=\"\" class=\"wp-image-69\" srcset=\"https:\/\/neuro-agile.de\/wp-content\/uploads\/2020\/11\/preview_hv3siR4_Mk8QuSxFptLJSewoxhDeJlqGlCPuX1Z1sxU.jpg 542w, https:\/\/neuro-agile.de\/wp-content\/uploads\/2020\/11\/preview_hv3siR4_Mk8QuSxFptLJSewoxhDeJlqGlCPuX1Z1sxU-300x208.jpg 300w\" sizes=\"(max-width: 542px) 100vw, 542px\" \/><\/figure>\n\n\n\n<p>Erg\u00e4nzend zu meinen Unternehmensprojekten biete ich als ausgebildeter Trainer mit A-Lizenz auch ganzheitliches Coaching und Training f\u00fcr Privatkunden an, spezialisiert auf (Neuro-)Athletik, Mentaltraining, Functional Training und Ern\u00e4hrung (im Sport).<\/p>\n\n\n<div id=\"shift\">\n<p>Meine relevanten Aus-\/Weiterbildungen:<\/p>\n<ul>\n<li><span style=\"color: black;\">NLP Coach, LernCoach (Society of NLP, nlpaed) &#8211;&nbsp;anerkannt vom <a style=\"pointer-events: none;\" href=\"https:\/\/www.dvct.de\"><strong>dvct e. V.<\/strong><\/a><\/span><\/li>\n<li><span style=\"color: black;\">Certified Scrum Master &amp; Professional, Product Owner (Scrum Alliance)<\/span><\/li>\n<li><span style=\"color: black;\">Neuro-Agile Leadership (Neuro Pioneers, St. Elisabeth Universit\u00e4t)<\/span><\/li>\n<li><span style=\"color: black;\">Scaling with Large Scale Scrum (LeSS) &#8211; Certified Practitioner<\/span><\/li>\n<li><span style=\"color: black;\">Visual Coaching | Facilitation (Kommunikationslotsen)<\/span><\/li>\n<li><span style=\"color: black;\">Mimikresonanz\u00ae &#8211; Basic (Coaching Dollinger | Eilert Akademie)<\/span><\/li>\n<li><span style=\"color: black;\">Klinisches\/psych. Hintergrundwissen f\u00fcr Coaches (Universit\u00e4t Hamburg)<\/span><\/li>\n<li><span style=\"color: black;\">KI und Datenqualit\u00e4t &#8211; Perspektiven aus Data Science, Ethik, Normung und Recht (HPI | Universit\u00e4t Potsdam)<\/span><\/li>\n<\/ul>\n<\/div>\n\n\n<figure class=\"wp-block-gallery aligncenter has-nested-images columns-default wp-block-gallery-3 is-layout-flex wp-block-gallery-is-layout-flex\">\n<figure class=\"wp-block-image size-full\"><img loading=\"lazy\" decoding=\"async\" width=\"1379\" height=\"1092\" data-id=\"312\" src=\"https:\/\/neuro-agile.de\/wp-content\/uploads\/2021\/11\/Change.png\" alt=\"\" class=\"wp-image-312\" srcset=\"https:\/\/neuro-agile.de\/wp-content\/uploads\/2021\/11\/Change.png 1379w, https:\/\/neuro-agile.de\/wp-content\/uploads\/2021\/11\/Change-300x238.png 300w, https:\/\/neuro-agile.de\/wp-content\/uploads\/2021\/11\/Change-1024x811.png 1024w, https:\/\/neuro-agile.de\/wp-content\/uploads\/2021\/11\/Change-768x608.png 768w\" sizes=\"(max-width: 1379px) 100vw, 1379px\" \/><\/figure>\n\n\n\n<figure class=\"wp-block-image size-full\"><img loading=\"lazy\" decoding=\"async\" width=\"1324\" height=\"997\" data-id=\"313\" src=\"https:\/\/neuro-agile.de\/wp-content\/uploads\/2021\/11\/Tuckman.png\" alt=\"\" class=\"wp-image-313\" srcset=\"https:\/\/neuro-agile.de\/wp-content\/uploads\/2021\/11\/Tuckman.png 1324w, https:\/\/neuro-agile.de\/wp-content\/uploads\/2021\/11\/Tuckman-300x226.png 300w, https:\/\/neuro-agile.de\/wp-content\/uploads\/2021\/11\/Tuckman-1024x771.png 1024w, https:\/\/neuro-agile.de\/wp-content\/uploads\/2021\/11\/Tuckman-768x578.png 768w\" sizes=\"(max-width: 1324px) 100vw, 1324px\" \/><\/figure>\n<\/figure>\n\n\n\n<br><br>\n<hr style=\"height: 3px; width: 100%; background-color: #FE843B; border: 1px; border-radius: 30px;\">\n\n\n\n<h1 class=\"wp-block-heading\" id=\"workshops\"><strong>#Externe Workshops und Trainings<\/strong><\/h1>\n\n\n\n<p>Meine externen Workshops\/Trainings finden prim\u00e4r im legend\u00e4ren Co-Working Space \u201e<a href=\"https:\/\/sanktoberholz.de\"><strong>Sankt Oberholz<\/strong><\/a>\u201c in Berlin statt. Dort, wo u. a. auch schon Hellofresh und SoundCloud gegr\u00fcndet haben.<\/p>\n\n\n<div id=\"shift\">\n<ul>\n<li><span style=\"color: black;\">Grundlagen von agilen Methoden und Frameworks \u00a0(Scrum, Kanban &amp; Co)<\/span><\/li>\n<li><span style=\"color: black;\">Visual Scrum \u2013 Visualisierungsskills f\u00fcr Scrum Master:in, Product Owner:in und Entwickler:in<\/span><\/li>\n<li><span style=\"color: black;\">Scrum Master:in und Product Owner:in Trainings mit Zertifizierung (im Tandem mit einem lizenzierten Scrum Trainer:in)\u00a0<\/span><\/li>\n<li><span style=\"color: black;\">Grundlagen Neuro-Linguistisches-Programmieren (NLP)<\/span><\/li>\n<li><span style=\"color: black;\">Advanced | Agile Methoden und Skalierung mit Large Scale Scrum (LeSS) und SAFe<\/span><\/li>\n<li><span style=\"color: black;\">Advanced | Management 3.0, Servant-\/Agile Leadership<\/span><\/li>\n<li><span style=\"color: black;\">Advanced | Neuro-Linguistisches-Programmieren (NLP) im Kontext agiler Methoden<\/span><\/li>\n<li><span style=\"color: black;\">Advanced | EMDR, Leistungsblockaden und Pr\u00fcfungsvorbereitung<\/span><\/li>\n<li><span style=\"color: black;\">Advanced | Emotionen\/Mimikresonanz im Coaching<\/span><\/li>\n<li><span style=\"color: black;\">Advanced | Klinisches Hintergrundwissen f\u00fcr Coaches (im Tandem mit einem approbierten Psychologen)<\/span><\/li>\n<li><span style=\"color: black;\">Ein individueller Mix ist ebenfalls m\u00f6glich!<\/span><\/li>\n<\/ul>\n<\/div>\n\n\n<p>Das \u201e<a href=\"https:\/\/teufelsberg.camp\"><strong>Teufelsberg.Camp<\/strong><\/a>\u201c \u2013 eine gr\u00fcne Oase am Oderberger See (Biosph\u00e4renreservat), optimal f\u00fcr ein Einzelcoaching oder Teamevent\/Offsite.<\/p>\n\n\n\n<br><br>\n<hr style=\"height: 3px; width: 100%; background-color: #FE843B; border: 1px; border-radius: 30px;\">\n\n\n\n<h1 class=\"wp-block-heading\" id=\"science\"><strong>#Wissenschaft #Konferenzen<\/strong><\/h1>\n\n\n\n<p>Meine parallelen Forschungs- und Lehrt\u00e4tigkeiten orientieren sich an meinen praktischen Schwerpunkten. Dahingehend findest du mich an der Uni Potsdam | HTW Berlin. Wenn ich nicht selbst als Speaker auf einer Konferenz zu finden bin, dann unterst\u00fctze ich dort oftmals als Moderator, bspw. auf der <a href=\"https:\/\/www.manage-agile.de\"><strong>Manage Agile Konferenz<\/strong><\/a>.<\/p>\n\n\n\n<figure class=\"wp-block-gallery has-nested-images columns-default is-cropped wp-block-gallery-4 is-layout-flex wp-block-gallery-is-layout-flex\">\n<figure class=\"wp-block-image size-large\"><img loading=\"lazy\" decoding=\"async\" width=\"664\" height=\"1024\" data-id=\"63\" src=\"https:\/\/neuro-agile.de\/wp-content\/uploads\/2020\/11\/Diss-Abstract-1-664x1024.png\" alt=\"\" class=\"wp-image-63\" srcset=\"https:\/\/neuro-agile.de\/wp-content\/uploads\/2020\/11\/Diss-Abstract-1-664x1024.png 664w, https:\/\/neuro-agile.de\/wp-content\/uploads\/2020\/11\/Diss-Abstract-1-194x300.png 194w, https:\/\/neuro-agile.de\/wp-content\/uploads\/2020\/11\/Diss-Abstract-1-768x1185.png 768w, https:\/\/neuro-agile.de\/wp-content\/uploads\/2020\/11\/Diss-Abstract-1.png 937w\" sizes=\"(max-width: 664px) 100vw, 664px\" \/><\/figure>\n\n\n\n<figure class=\"wp-block-image size-large\"><img loading=\"lazy\" decoding=\"async\" width=\"727\" height=\"900\" data-id=\"64\" src=\"https:\/\/neuro-agile.de\/wp-content\/uploads\/2020\/11\/NLP-Kongress-2016-3.png\" alt=\"\" class=\"wp-image-64\" srcset=\"https:\/\/neuro-agile.de\/wp-content\/uploads\/2020\/11\/NLP-Kongress-2016-3.png 727w, https:\/\/neuro-agile.de\/wp-content\/uploads\/2020\/11\/NLP-Kongress-2016-3-242x300.png 242w\" sizes=\"(max-width: 727px) 100vw, 727px\" \/><\/figure>\n\n\n\n<figure class=\"wp-block-image size-large\"><img loading=\"lazy\" decoding=\"async\" width=\"735\" height=\"999\" data-id=\"65\" src=\"https:\/\/neuro-agile.de\/wp-content\/uploads\/2020\/11\/preview_kx01SWf9WFMROl91HAT1UFheK9Fi3hogP1w018dmM-U.jpg\" alt=\"\" class=\"wp-image-65\" srcset=\"https:\/\/neuro-agile.de\/wp-content\/uploads\/2020\/11\/preview_kx01SWf9WFMROl91HAT1UFheK9Fi3hogP1w018dmM-U.jpg 735w, https:\/\/neuro-agile.de\/wp-content\/uploads\/2020\/11\/preview_kx01SWf9WFMROl91HAT1UFheK9Fi3hogP1w018dmM-U-221x300.jpg 221w\" sizes=\"(max-width: 735px) 100vw, 735px\" \/><\/figure>\n<\/figure>\n\n\n\n<div class=\"wp-block-buttons is-layout-flex wp-block-buttons-is-layout-flex\">\n<div class=\"wp-block-button\"><a class=\"wp-block-button__link has-background wp-element-button\" href=\"mailto:mautsch@uni-potsdam.de?subject=Anfrage f\u00fcr wiss. Vortrag und\/oder Podiumsdiskussion\" style=\"background-color:#fe843b\">Call for Paper | Konferenzvortrag |&nbsp;Podiumsdiskussion<\/a><\/div>\n<\/div>\n\n\n\n<br><br>\n<hr style=\"height: 3px; width: 100%; background-color: #FE843B; border: 1px; border-radius: 30px;\">\n\n\n\n<h1 class=\"wp-block-heading\" id=\"ethik\"><strong>#Ethik<\/strong><\/h1>\n\n\n\n<p>Ich bin als Coach und Berater u. a. im Deutschen Verband f\u00fcr Coaching und Training e. V. organisiert. Der dvct e. V. ist als der f\u00fchrende deutschsprachige Verband ein anerkannter Qualit\u00e4tsgarant f\u00fcr die Themen Coaching und Training. Ich verpflichte mich der <a href=\"https:\/\/www.dvct.de\/verband\/ethik\/\"><strong>Ethik des Verbandes<\/strong><\/a>, diese setzt Normen und ist verbindliche Richtlinie f\u00fcr mein professionelles Verhalten als Mitglied des dvct e. V. Wertvoll untermauert\/erg\u00e4nzt wird diese Richtlinie durch die <a href=\"https:\/\/www.dvnlp.de\/der-dvnlp\/ethik-kodex\/\"><strong>NLP Community<\/strong><\/a> und <a href=\"https:\/\/www.scrumalliance.org\/code-of-ethics\"><strong>Scrum Alliance (Code of Ethics)<\/strong><\/a>.<\/p>\n\n\n\n<figure class=\"wp-block-gallery has-nested-images columns-default is-cropped wp-block-gallery-5 is-layout-flex wp-block-gallery-is-layout-flex\">\n<figure class=\"wp-block-image size-large\"><img loading=\"lazy\" decoding=\"async\" width=\"876\" height=\"876\" data-id=\"66\" src=\"https:\/\/neuro-agile.de\/wp-content\/uploads\/2020\/11\/dvct-logo.jpeg\" alt=\"\" class=\"wp-image-66\" srcset=\"https:\/\/neuro-agile.de\/wp-content\/uploads\/2020\/11\/dvct-logo.jpeg 876w, https:\/\/neuro-agile.de\/wp-content\/uploads\/2020\/11\/dvct-logo-300x300.jpeg 300w, https:\/\/neuro-agile.de\/wp-content\/uploads\/2020\/11\/dvct-logo-150x150.jpeg 150w, https:\/\/neuro-agile.de\/wp-content\/uploads\/2020\/11\/dvct-logo-768x768.jpeg 768w, https:\/\/neuro-agile.de\/wp-content\/uploads\/2020\/11\/dvct-logo-100x100.jpeg 100w\" sizes=\"(max-width: 876px) 100vw, 876px\" \/><\/figure>\n\n\n\n<figure class=\"wp-block-image size-large\"><img loading=\"lazy\" decoding=\"async\" width=\"446\" height=\"446\" data-id=\"67\" src=\"https:\/\/neuro-agile.de\/wp-content\/uploads\/2020\/11\/nlp-logo.jpeg\" alt=\"\" class=\"wp-image-67\" srcset=\"https:\/\/neuro-agile.de\/wp-content\/uploads\/2020\/11\/nlp-logo.jpeg 446w, https:\/\/neuro-agile.de\/wp-content\/uploads\/2020\/11\/nlp-logo-300x300.jpeg 300w, https:\/\/neuro-agile.de\/wp-content\/uploads\/2020\/11\/nlp-logo-150x150.jpeg 150w, https:\/\/neuro-agile.de\/wp-content\/uploads\/2020\/11\/nlp-logo-100x100.jpeg 100w\" sizes=\"(max-width: 446px) 100vw, 446px\" \/><\/figure>\n\n\n\n<figure class=\"wp-block-image size-large\"><img loading=\"lazy\" decoding=\"async\" width=\"600\" height=\"601\" data-id=\"68\" src=\"https:\/\/neuro-agile.de\/wp-content\/uploads\/2020\/11\/scrum-csp-logo.jpeg\" alt=\"\" class=\"wp-image-68\" srcset=\"https:\/\/neuro-agile.de\/wp-content\/uploads\/2020\/11\/scrum-csp-logo.jpeg 600w, https:\/\/neuro-agile.de\/wp-content\/uploads\/2020\/11\/scrum-csp-logo-300x300.jpeg 300w, https:\/\/neuro-agile.de\/wp-content\/uploads\/2020\/11\/scrum-csp-logo-150x150.jpeg 150w, https:\/\/neuro-agile.de\/wp-content\/uploads\/2020\/11\/scrum-csp-logo-100x100.jpeg 100w\" sizes=\"(max-width: 600px) 100vw, 600px\" \/><\/figure>\n<\/figure>\n\n\n\n<br><br>\n<hr style=\"height: 3px; width: 100%; background-color: #FE843B; border: 1px; border-radius: 30px;\">\n\n\n\n<h1 class=\"wp-block-heading\"><strong>#Social<\/strong><\/h1>\n\n\n\n<p>Dein <strong>Vertrauen<\/strong> in mich und meine wissenschaftlich-methodische Arbeit vorausgesetzt: Warum du automatisch auch in Nachhaltigkeit investierst?<br>\ud83c\udfeb\ud83d\udc69\ud83c\udffb\u200d\ud83c\udf93\ud83e\uddd1\ud83c\udffb\u200d\ud83c\udf93\ud83e\udde0\ud83d\udcaa\ud83c\udffb\u2728<\/p>\n\n\n<div id=\"shift\">\n<ul>\n<li><span style=\"color: black;\">F\u00f6rderer und Mentor im Rahmen des Deutschlandstipendiums an der <strong><a href=\"https:\/\/www.htw-berlin.de\/hochschule\/foerdern-gefoerdert-werden\/deutschlandstipendium\/unsere-foerder-innen\/\">HTW Berlin <\/a><\/strong><\/span><\/li>\n<li><span style=\"color: black;\">Als ehrenamtlicher Coach, der sich auf <a href=\"https:\/\/coachesforfuture.org\/berater-in\/erikmautsch\/\"><strong>#coachesforfuture<\/strong><\/a> registriert hat, habe ich mich dazu verpflichtet, einen Teil meiner professionellen Ressourcen der Arbeit gegen den Klimawandel zu widmen, und zwar dadurch, dass ich Menschen, Gruppen und Organisationen ehrenamtlich begleite, die f\u00fcr wirksame Ma\u00dfnahmen gegen den Klimawandel eintreten.<\/span><\/li>\n<li><span style=\"color: black;\">F\u00f6rderer f\u00fcr die <strong><a href=\"https:\/\/www.tafel.de\">Tafel Deutschland e. V.<\/a><\/strong>, eine der gr\u00f6\u00dften sozial-\u00f6kologischen Bewegungen in Deutschland. Pro Jahr retten wir rund 265.000 Tonnen Lebensmittel und geben sie an 1,6 bis 2 Millionen Menschen weiter.<\/span><\/li>\n<\/ul>\n<\/div>\n\n\n<br><br>\n<hr style=\"height: 3px; width: 100%; background-color: #FE843B; border: 1px; border-radius: 30px;\">\n\n\n\n<h1 class=\"wp-block-heading\" id=\"kontakt\"><strong>#Kontakt<\/strong><\/h1>\n\n\n\n<p>Du erreichst mich im ersten Schritt einfach per Mail. Eine pers\u00f6nliche Antwort erh\u00e4ltst du innerhalb von 24h. Ebenfalls erreichbar bin ich \u00fcber Social Web Plattformen wie LinkedIn.<\/p>\n\n\n\n<div class=\"wp-block-group is-layout-flow wp-block-group-is-layout-flow\">\n<div class=\"wp-block-group is-layout-flow wp-block-group-is-layout-flow\">\n<div class=\"wp-block-group is-layout-flow wp-block-group-is-layout-flow\">\n<div class=\"wp-block-group is-layout-flow wp-block-group-is-layout-flow\">\n<div class=\"wp-block-group is-layout-flow wp-block-group-is-layout-flow\">\n<div class=\"wp-block-group is-layout-flow wp-block-group-is-layout-flow\">\n<div class=\"wp-block-group is-layout-flow wp-block-group-is-layout-flow\">\n<div class=\"wp-block-group is-layout-flow wp-block-group-is-layout-flow\">\n<div class=\"wp-block-group is-layout-flow wp-block-group-is-layout-flow\">\n<div class=\"wp-block-group is-layout-flow wp-block-group-is-layout-flow\">\n<figure class=\"wp-block-image aligncenter size-medium\"><img loading=\"lazy\" decoding=\"async\" width=\"300\" height=\"68\" src=\"https:\/\/neuro-agile.de\/wp-content\/uploads\/2020\/11\/image-768x175-1-300x68.png\" alt=\"\" class=\"wp-image-70\" srcset=\"https:\/\/neuro-agile.de\/wp-content\/uploads\/2020\/11\/image-768x175-1-300x68.png 300w, https:\/\/neuro-agile.de\/wp-content\/uploads\/2020\/11\/image-768x175-1.png 768w\" sizes=\"(max-width: 300px) 100vw, 300px\" \/><\/figure>\n<\/div>\n\n\n\n<figure class=\"wp-block-image aligncenter size-medium\"><a href=\"https:\/\/www.linkedin.com\/in\/erik-mautsch\/\"><img loading=\"lazy\" decoding=\"async\" width=\"300\" height=\"82\" src=\"https:\/\/neuro-agile.de\/wp-content\/uploads\/2022\/10\/LinkedIn_Logo.svg_-1-300x82.png\" alt=\"\" class=\"wp-image-339\" srcset=\"https:\/\/neuro-agile.de\/wp-content\/uploads\/2022\/10\/LinkedIn_Logo.svg_-1-300x82.png 300w, https:\/\/neuro-agile.de\/wp-content\/uploads\/2022\/10\/LinkedIn_Logo.svg_-1-1024x278.png 1024w, https:\/\/neuro-agile.de\/wp-content\/uploads\/2022\/10\/LinkedIn_Logo.svg_-1-768x209.png 768w, https:\/\/neuro-agile.de\/wp-content\/uploads\/2022\/10\/LinkedIn_Logo.svg_-1.png 1200w\" sizes=\"(max-width: 300px) 100vw, 300px\" \/><\/a><\/figure>\n<\/div>\n<\/div>\n<\/div>\n<\/div>\n<\/div>\n<\/div>\n<\/div>\n<\/div>\n\n\n\n<div class=\"wp-block-group is-layout-flow wp-block-group-is-layout-flow\"><\/div>\n\n\n\n<p><\/p>\n<\/div>\n\n\n\n<p><\/p>\n","protected":false},"excerpt":{"rendered":"<p>#Kommunikation, organisationale #Gesundheit, technische #Exzellenz und relevante #Wissenschaft sind dir wichtig weil? Als Triathlet\/Sportler mit \u2764\ufe0f und ehemaliger Raucher bringe ich ein tiefes Verst\u00e4ndnis f\u00fcr mentale St\u00e4rke und menschliche Psyche mit, die es beim Besiegen vom sogenannten inneren Schweinehund und generellen Verhaltens\u00e4nderungen zu bew\u00e4ltigen gilt. Auch wenn St\u00e4rken im Vordergrund stehen, habe ich auch ein [&hellip;]<\/p>\n","protected":false},"author":1,"featured_media":0,"parent":0,"menu_order":0,"comment_status":"closed","ping_status":"closed","template":"templates\/portfolio.php","meta":{"footnotes":""},"class_list":["post-10","page","type-page","status-publish","hentry"],"_links":{"self":[{"href":"https:\/\/neuro-agile.de\/index.php?rest_route=\/wp\/v2\/pages\/10"}],"collection":[{"href":"https:\/\/neuro-agile.de\/index.php?rest_route=\/wp\/v2\/pages"}],"about":[{"href":"https:\/\/neuro-agile.de\/index.php?rest_route=\/wp\/v2\/types\/page"}],"author":[{"embeddable":true,"href":"https:\/\/neuro-agile.de\/index.php?rest_route=\/wp\/v2\/users\/1"}],"replies":[{"embeddable":true,"href":"https:\/\/neuro-agile.de\/index.php?rest_route=%2Fwp%2Fv2%2Fcomments&post=10"}],"version-history":[{"count":275,"href":"https:\/\/neuro-agile.de\/index.php?rest_route=\/wp\/v2\/pages\/10\/revisions"}],"predecessor-version":[{"id":816,"href":"https:\/\/neuro-agile.de\/index.php?rest_route=\/wp\/v2\/pages\/10\/revisions\/816"}],"wp:attachment":[{"href":"https:\/\/neuro-agile.de\/index.php?rest_route=%2Fwp%2Fv2%2Fmedia&parent=10"}],"curies":[{"name":"wp","href":"https:\/\/api.w.org\/{rel}","templated":true}]}}